n divisor of l and 120.
30
Let t(a) = 33*a + 41. Let f be t(5). Suppose 0 = f*w - 210*w + 32. What is the greatest common factor of w and 20?
4
Let z = 40 + -38. Suppose -3*w = -5*u - 8, 2*w + z*u = -1 - 15. Let q be (-23)/w + (-2)/(-8). What is the greatest common factor of q and 9?
3
Let r = 7 - 166. Let z = r + 175. Calculate the greatest common divisor of 18 and z.
2
Let z(h) = 15*h - 17. Let b(q) = -22 - 17 - 8*q + 47. Let k(n) = 9*b(n) + 4*z(n). Let x be k(-3). Calculate the highest common divisor of 10 and x.
10
Let t = 175 - 111. Suppose 0 = t*j - 68*j - 76. Let y = 32 + j. Calculate the highest common divisor of 143 and y.
13
Let t = 59 + 7. Let m = -64 + t. Suppose -11*w = -1 - 21. What is the greatest common factor of w and m?
2
Let u be (-8)/((-64)/6152)*5 + -7. What is the greatest common divisor of u and 38?
38
Let l be (-100)/(-2) - 12/(-3). Suppose -50*t - 128 = -l*t. Suppose t = 3*g + 2. Calculate the highest common divisor of g and 120.
10
Let t = 9419 - 8586. What is the highest common divisor of t and 85?
17
Suppose 0 = -5*b - 54*d + 49*d + 3600, 3576 = 5*b + d. Calculate the greatest common factor of b and 1734.
102
Let d be (-10)/(63/(-84)*8/852). What is the greatest common divisor of 5396 and d?
284
Let f = -149 + 153. Let q(d) = 2*d**2 - 5*d - 6. Let r be q(f). What is the greatest common divisor of r and 6?
6
Suppose 63 = 3*d - 5*k + 14, -4*d + 5*k + 67 = 0. Let r be (4/d)/(18/81). Calculate the highest common factor of r and 1.
1
Suppose -889 = -r + 2*n, 235*n + 3530 = 4*r + 240*n. Calculate the greatest common divisor of 2832 and r.
177
Suppose 0 = -0*a + a + 4. Let r(g) = 2*g. Let c be r(a). Let o = c + 29. What is the highest common divisor of 105 and o?
21
Let x be (-1 - -1) + 16/4 - 4. Suppose v + o - 24 = 5*o, 3*v + o - 111 = x. Calculate the greatest common divisor of 252 and v.
36
Let x(n) = -n**3 + 7*n**2 - 10*n + 4. Let b be x(5). Let c be -2 + 27 - b - (1 - 1). What is the greatest common divisor of 15 and c?
3
Let w(f) = -69*f + 3136. Let l be w(32). What is the greatest common divisor of 2842 and l?
58
Let c(i) = 11*i + 7*i**2 + 3 - 2*i**3 - 23*i**2 - 9*i**2 - 7. Let u be c(-13). What is the highest common divisor of u and 6?
2
Let w(x) be the third derivative of -5*x**4/8 + 91*x**3/2 + 25*x**2. Let d be w(0). Calculate the highest common factor of 39 and d.
39
Suppose 6*f + 105 = -141. Let i = 86 + f. Suppose -15 = -3*z - 0*z. What is the highest common factor of z and i?
5
Let x(t) = 100*t**2 - 8*t + 126. Let r be x(-3). Calculate the greatest common divisor of r and 3450.
150
Suppose 116 = 5*c + t, -c - 234 + 226 = -5*t. Suppose -5*u - 220 = f, 2*f - 3*u = -3*f - 1212. Let s = f + 438. What is the highest common divisor of c and s?
22
Let w be 3/(-24) - (-2084)/32. Calculate the greatest common divisor of w and 1755.
65
Let t(k) = -61*k + 633. Let l be t(9). What is the greatest common divisor of l and 498?
6
Let c(i) = -94*i**3 + 70*i**2 + 302*i + 26. Let a be c(-4). Calculate the highest common factor of a and 26.
26
Let d be ((-294)/15)/((-46)/920). Calculate the highest common divisor of d and 5292.
196
Suppose 0 = 2*h - 2*i - 58, 4*i + 55 = 2*h - 9. Suppose 24*u - 16*u = -2360. Let g = -293 - u. Calculate the highest common factor of h and g.
2
Suppose -3*y = 12, -51 + 351 = 4*u - 3*y. Suppose 12*h + 39*h = 43401. Suppose -61*m + 125 + h = 0. Calculate the greatest common factor of u and m.
8
Let s(p) = p**2 + 16*p + 2. Let x be s(-16). Suppose 16 = -4*l - 0. Let o be (l/(-3))/((-6)/(-27)). What is the highest common factor of x and o?
2
Let n = -3 - -8. Suppose 3*u + 52 = n*u - 2*a, 5*u - 158 = -2*a. Let z = -4722 + 4752. What is the highest common divisor of u and z?
30
Let f be (9*-53)/(9 + -3 + (2 - 11)). Calculate the highest common factor of f and 1325.
53
Let k be 5*((-224)/40 + 6) + 54. What is the highest common factor of 98 and k?
14
Let d = 7372 - 7188. What is the greatest common factor of 6 and d?
2
Let r(y) = 6*y + 47. Let l be r(-9). Let d(v) = -18*v - 72. Let p be d(l). Let n = -29 - -47. What is the greatest common factor of n and p?
18
Suppose 2*g - 3*b - 60 = 0, -5*b = -g + 4*g - 71. Suppose -3*w = 5*l - 49, -g + 2 = -5*l. Let o = 8 - -64. What is the highest common factor of w and o?
8
Let o be (-61 - -317) + (-6)/(-2). What is the greatest common divisor of 287 and o?
7
Let w be (-7)/14 - 31/(-2). Let n = 43 - w. Let u = -4 + n. Calculate the greatest common divisor of u and 264.
24
Let z(m) = -m**3 + 13*m**2 - 10*m - 17. Let v be 1 - 4 - (2 - 17). Let f be z(v). Suppose 0 = -f*j + 5*j + 36. Calculate the highest common divisor of 18 and j.
18
Let z(a) = 10*a**2 + 171*a - 1377. Let h be z(9). Calculate the highest common factor of h and 288.
36
Suppose 5*n - 29 = 31. Let m(f) = f**3 - 4*f**2 - 4*f. Let j be m(5). Suppose -j*r + 10*r - 180 = 0. Calculate the highest common divisor of n and r.
12
Let w = -40128 + 40233. Let y = 12 + 18. What is the greatest common factor of w and y?
15
Let f(p) = p**3 - 30*p**2 - 28*p - 68. Let i be f(31). Let m be ((-104)/10)/((-5)/i). Calculate the highest common divisor of m and 91.
13
Suppose 0 = -4*q + 1119 - 1055. Suppose b - 8 = -b. Suppose -c + 4*m = b*c - 144, 4*m - q = 0. What is the greatest common divisor of c and 2?
2
Let p = -7578 - -7764. What is the greatest common factor of p and 11346?
186
Suppose 5*w = k - 51 - 69, 128 = k - w. Let s = 134 - k. Let x be -2*(-22)/(2 - 1). Calculate the greatest common divisor of s and x.
4
Suppose 5*x + i = 17, 34*x - 25*x + 2*i = 31. Suppose c + 0*c - 1 = 0. Let u(j) = 2*j**3 - j**2. Let r be u(c). Calculate the highest common factor of x and r.
1
Let j = 0 - 0. Suppose 2*t = -j + 40. Let i be 12*7/6 - -146. What is the highest common divisor of t and i?
20
Suppose 3*q = 4*q - 32. Suppose 4*a - 10*n + 7*n = 631, 5*a + 3*n = 809. What is the highest common divisor of q and a?
32
Let o(v) = v**3 - 37*v**2 - 30*v - 119. Let w be o(38). Calculate the highest common divisor of 5920 and w.
185
Let d = -2398 + 2476. Calculate the greatest common factor of 192 and d.
6
Let o = -31 + 27. Let z be (1008/(-6))/(7/(42/o)). Let g(l) = l**3 + 7*l**2 - 13*l - 12. Let h be g(-8). Calculate the greatest common factor of h and z.
28
Let s = 248 - 243. Suppose -5*o - c = -25, s*c - c = -3*o + 15. Let a be 1935/35 - 2/7. Calculate the greatest common factor of a and o.
5
Suppose -83*k + 130018 + 82462 = 0. Calculate the greatest common factor of k and 120.
40
Let n(z) = -58*z - 152. Let f be n(-5). Let k = f - 98. Calculate the greatest common factor of k and 104.
8
Let m(t) = 23*t + 563. Let k be m(70). Calculate the highest common factor of 318 and k.
53
Let l(v) = -v**3 - 35*v**2 - 50*v - 488. Let u be l(-34). Let j = -17 + -6. Let d = u + j. What is the highest common divisor of 165 and d?
33
Suppose -5*l + 26 = 2*i, -3*i + 2*l - 2 + 3 = 0. Suppose -i*r - f = -265, -4*f - 49 - 387 = -5*r. Calculate the highest common divisor of r and 132.
44
Suppose 138*l + 2*o = 142*l - 160, -160 = -4*l - 4*o. Suppose -a - 4*a + 200 = 0. What is the greatest common divisor of a and l?
40
Suppose 4*l - 198*f + 203*f + 27 = 0, -5*l = 4*f + 18. Suppose 4*c - z - 2*z = 7, c - 6 = 5*z. Suppose m = c + 1. What is the highest common divisor of l and m?
2
Let f = -27 - -36. Suppose 430 = 11*t - f*t. Suppose 2*s - h - 216 = -5*h, 2*s - t = -3*h. Calculate the highest common divisor of 159 and s.
53
Suppose 0*x = -4*x + 8. Let v be (-1 + -73)*-1 - x. Let i be (-20)/(-11)*17094/1295. Calculate the greatest common factor of v and i.
24
Let h(d) = -6*d**2 - 3*d + 50. Let z(q) = q**2 + 1. Let t(y) = h(y) + 5*z(y). Let g be t(-8). Calculate the highest common divisor of 6 and g.
3
Suppose 6899 - 45899 = -39*m. Calculate the greatest common factor of 125 and m.
125
Let v(l) = -5*l**3 - 12*l**2 - 118*l + 22. Let p be v(-5). What is the highest common divisor of p and 2?
1
Let w(u) = 7477*u**3 + 5*u**2 - 5*u + 2. Let o be w(1). Calculate the greatest common factor of 27 and o.
27
Let t = -815 - -861. What is the highest common divisor of t and 46?
46
Let w be 0 - (-267 - (1 - 1)). Suppose 4*o + 108 = a, 3*a - 31 - w = -o. Let p be -6*(6 + (-152)/24)*20. Calculate the highest common divisor of a and p.
20
Let o be (-10 + (-128)/(-12))/((